66.249.70.1 - - [18/Jun/2026:02:49:17 +0200] "GET /?p=16533 HTTP/1.1" 404 17861 "-" "Mozilla/5.0 (Linux; Android 6.0.1; Nexus 5X Build/MMB29P) AppleWebKit/537.36 (KHTML, like Gecko) Chrome/148.0.7778.96 Mobile Safari/537.36 (compatible; Googlebot/2.1; +http://www.google.com/bot.html)"
65.108.235.243 - - [18/Jun/2026:02:52:02 +0200] "POST /wp-cron.php?doing_wp_cron=1781743922.6635448932647705078125 HTTP/1.1" 200 1 "-" "WordPress/7.0; https://brescia.elettroservicegroup.it"
66.249.70.1 - - [18/Jun/2026:02:52:00 +0200] "GET /?p=16184 HTTP/1.1" 404 17861 "-" "Mozilla/5.0 (Linux; Android 6.0.1; Nexus 5X Build/MMB29P) AppleWebKit/537.36 (KHTML, like Gecko) Chrome/148.0.7778.96 Mobile Safari/537.36 (compatible; Googlebot/2.1; +http://www.google.com/bot.html)"
65.108.235.243 - - [18/Jun/2026:02:56:40 +0200] "POST /wp-cron.php?doing_wp_cron=1781744200.0871350765228271484375 HTTP/1.1" 200 1 "-" "WordPress/7.0; https://brescia.elettroservicegroup.it"
66.249.70.1 - - [18/Jun/2026:02:56:33 +0200] "GET /?p=15895 HTTP/1.1" 404 17861 "-" "Mozilla/5.0 (Linux; Android 6.0.1; Nexus 5X Build/MMB29P) AppleWebKit/537.36 (KHTML, like Gecko) Chrome/148.0.7778.96 Mobile Safari/537.36 (compatible; Googlebot/2.1; +http://www.google.com/bot.html)"
65.108.235.243 - - [18/Jun/2026:03:01:13 +0200] "POST /wp-cron.php?doing_wp_cron=1781744473.7030251026153564453125 HTTP/1.1" 200 1 "-" "WordPress/7.0; https://brescia.elettroservicegroup.it"
66.249.70.8 - - [18/Jun/2026:03:01:11 +0200] "GET /?p=15884 HTTP/1.1" 404 17861 "-" "Mozilla/5.0 (Linux; Android 6.0.1; Nexus 5X Build/MMB29P) AppleWebKit/537.36 (KHTML, like Gecko) Chrome/148.0.7778.96 Mobile Safari/537.36 (compatible; Googlebot/2.1; +http://www.google.com/bot.html)"
65.108.235.243 - - [18/Jun/2026:03:02:05 +0200] "POST /wp-cron.php?doing_wp_cron=1781744525.9051980972290039062500 HTTP/1.1" 200 1 "-" "WordPress/7.0; https://brescia.elettroservicegroup.it"
66.249.70.2 - - [18/Jun/2026:03:02:03 +0200] "GET /?p=16405 HTTP/1.1" 404 17861 "-" "Mozilla/5.0 (Linux; Android 6.0.1; Nexus 5X Build/MMB29P) AppleWebKit/537.36 (KHTML, like Gecko) Chrome/148.0.7778.96 Mobile Safari/537.36 (compatible; Googlebot/2.1; +http://www.google.com/bot.html)"
65.108.235.243 - - [18/Jun/2026:03:03:10 +0200] "POST /wp-cron.php?doing_wp_cron=1781744590.6881260871887207031250 HTTP/1.1" 200 1 "-" "WordPress/7.0; https://brescia.elettroservicegroup.it"
66.249.70.8 - - [18/Jun/2026:03:03:08 +0200] "GET /?p=16580 HTTP/1.1" 404 17861 "-" "Mozilla/5.0 (Linux; Android 6.0.1; Nexus 5X Build/MMB29P) AppleWebKit/537.36 (KHTML, like Gecko) Chrome/148.0.7778.96 Mobile Safari/537.36 (compatible; Googlebot/2.1; +http://www.google.com/bot.html)"
65.108.235.243 - - [18/Jun/2026:03:13:52 +0200] "POST /wp-cron.php?doing_wp_cron=1781745232.4649600982666015625000 HTTP/1.1" 200 1 "-" "WordPress/7.0; https://brescia.elettroservicegroup.it"
66.249.70.8 - - [18/Jun/2026:03:13:50 +0200] "GET /?p=16576 HTTP/1.1" 404 17861 "-" "Mozilla/5.0 (Linux; Android 6.0.1; Nexus 5X Build/MMB29P) AppleWebKit/537.36 (KHTML, like Gecko) Chrome/148.0.7778.96 Mobile Safari/537.36 (compatible; Googlebot/2.1; +http://www.google.com/bot.html)"
65.108.235.243 - - [18/Jun/2026:03:15:45 +0200] "POST /wp-cron.php?doing_wp_cron=1781745345.1740550994873046875000 HTTP/1.1" 200 1 "-" "WordPress/7.0; https://brescia.elettroservicegroup.it"
66.249.70.2 - - [18/Jun/2026:03:15:43 +0200] "GET /?p=16039 HTTP/1.1" 404 17861 "-" "Mozilla/5.0 (Linux; Android 6.0.1; Nexus 5X Build/MMB29P) AppleWebKit/537.36 (KHTML, like Gecko) Chrome/148.0.7778.96 Mobile Safari/537.36 (compatible; Googlebot/2.1; +http://www.google.com/bot.html)"
65.108.235.243 - - [18/Jun/2026:03:22:54 +0200] "POST /wp-cron.php?doing_wp_cron=1781745774.9427509307861328125000 HTTP/1.1" 200 1 "-" "WordPress/7.0; https://brescia.elettroservicegroup.it"
66.249.70.2 - - [18/Jun/2026:03:22:50 +0200] "GET /assistenza-lavastoviglie/ HTTP/1.1" 404 17892 "-" "Mozilla/5.0 (Linux; Android 6.0.1; Nexus 5X Build/MMB29P) AppleWebKit/537.36 (KHTML, like Gecko) Chrome/148.0.7778.96 Mobile Safari/537.36 (compatible; Googlebot/2.1; +http://www.google.com/bot.html)"
65.108.235.243 - - [18/Jun/2026:03:22:55 +0200] "POST /wp-json/complianz/v1/wsc-scan HTTP/1.1" 400 88 "-" "WordPress/7.0; https://brescia.elettroservicegroup.it"
114.119.130.67 - - [18/Jun/2026:03:57:36 +0200] "GET /robots.txt HTTP/1.1" 200 11722 "https://brescia.elettroservicegroup.it/robots.txt" "Mozilla/5.0 (compatible;PetalBot;+https://webmaster.petalsearch.com/site/petalbot)"
65.108.235.243 - - [18/Jun/2026:04:08:32 +0200] "POST /wp-cron.php?doing_wp_cron=1781748512.9749979972839355468750 HTTP/1.1" 200 1 "-" "WordPress/7.0; https://brescia.elettroservicegroup.it"
66.249.70.1 - - [18/Jun/2026:04:08:30 +0200] "GET /?p=16515 HTTP/1.1" 404 17861 "-" "Mozilla/5.0 (Linux; Android 6.0.1; Nexus 5X Build/MMB29P) AppleWebKit/537.36 (KHTML, like Gecko) Chrome/148.0.7778.96 Mobile Safari/537.36 (compatible; Googlebot/2.1; +http://www.google.com/bot.html)"
65.108.235.243 - - [18/Jun/2026:05:24:39 +0200] "POST /wp-cron.php?doing_wp_cron=1781753079.4640140533447265625000 HTTP/1.1" 200 1 "-" "WordPress/7.0; https://brescia.elettroservicegroup.it"
176.65.139.234 - - [18/Jun/2026:05:24:32 +0200] "GET / HTTP/1.1" 301 - "-" "Mozilla/5.0 (Windows NT 10.0; Win64; x64) AppleWebKit/537.36 (KHTML, like Gecko) Chrome/147.0.0.0 Safari/537.36"
65.108.235.243 - - [18/Jun/2026:05:24:40 +0200] "POST /wp-json/complianz/v1/wsc-scan HTTP/1.1" 400 88 "-" "WordPress/7.0; https://brescia.elettroservicegroup.it"
176.65.139.234 - - [18/Jun/2026:05:24:39 +0200] "GET / HTTP/1.1" 415 103136 "-" "Mozilla/5.0 (Windows NT 10.0; Win64; x64) AppleWebKit/537.36 (KHTML, like Gecko) Chrome/147.0.0.0 Safari/537.36"
186.54.39.219 - - [18/Jun/2026:06:01:24 +0200] "POST /xmlrpc.php HTTP/1.1" 403 52 "-" "Mozilla/5.0 (Windows NT 10.0; Win64; x64) AppleWebKit/537.36"
177.230.51.237 - - [18/Jun/2026:06:01:26 +0200] "GET / HTTP/1.1" 200 11687 "-" "Mozilla/5.0 (Windows NT 10.0; Win64; x64) AppleWebKit/537.36 (KHTML, like Gecko) Chrome/120.0.0.0 Safari/537.36"
177.230.51.237 - - [18/Jun/2026:06:01:27 +0200] "GET /wp-login.php HTTP/1.1" 200 11678 "-" "Mozilla/5.0 (Windows NT 10.0; Win64; x64) AppleWebKit/537.36 (KHTML, like Gecko) Chrome/120.0.0.0 Safari/537.36"
177.230.51.237 - - [18/Jun/2026:06:01:28 +0200] "GET /wp-login.php?wp_lang=en_US HTTP/1.1" 200 11742 "-" "Mozilla/5.0 (Windows NT 10.0; Win64; x64) AppleWebKit/537.36 (KHTML, like Gecko) Chrome/120.0.0.0 Safari/537.36"
155.212.39.172 - - [18/Jun/2026:06:01:28 +0200] "GET / HTTP/1.1" 200 11582 "-" "Mozilla/5.0 (Windows NT 10.0; Win64; x64) AppleWebKit/537.36 (KHTML, like Gecko) Chrome/120.0.0.0 Safari/537.36"
155.212.39.172 - - [18/Jun/2026:06:01:28 +0200] "GET /wp-login.php HTTP/1.1" 200 11597 "-" "Mozilla/5.0 (Windows NT 10.0; Win64; x64) AppleWebKit/537.36 (KHTML, like Gecko) Chrome/120.0.0.0 Safari/537.36"
155.212.39.172 - - [18/Jun/2026:06:01:28 +0200] "GET /wp-login.php?wp_lang=en_US HTTP/1.1" 200 11615 "-" "Mozilla/5.0 (Windows NT 10.0; Win64; x64) AppleWebKit/537.36 (KHTML, like Gecko) Chrome/120.0.0.0 Safari/537.36"
155.212.39.172 - - [18/Jun/2026:06:01:28 +0200] "POST /wp-login.php HTTP/1.1" 200 11597 "https://brescia.elettroservicegroup.it" "Mozilla/5.0 (Windows NT 10.0; Win64; x64) AppleWebKit/537.36 (KHTML, like Gecko) Chrome/120.0.0.0 Safari/537.36"
155.212.39.172 - - [18/Jun/2026:06:01:28 +0200] "GET / HTTP/1.1" 200 11582 "-" "Mozilla/5.0 (Windows NT 10.0; Win64; x64) AppleWebKit/537.36 (KHTML, like Gecko) Chrome/120.0.0.0 Safari/537.36"
155.212.39.172 - - [18/Jun/2026:06:01:28 +0200] "GET /wp-login.php HTTP/1.1" 200 11597 "-" "Mozilla/5.0 (Windows NT 10.0; Win64; x64) AppleWebKit/537.36 (KHTML, like Gecko) Chrome/120.0.0.0 Safari/537.36"
155.212.39.172 - - [18/Jun/2026:06:01:29 +0200] "GET /wp-login.php?wp_lang=en_US HTTP/1.1" 200 11726 "-" "Mozilla/5.0 (Windows NT 10.0; Win64; x64) AppleWebKit/537.36 (KHTML, like Gecko) Chrome/120.0.0.0 Safari/537.36"
155.212.39.172 - - [18/Jun/2026:06:01:29 +0200] "POST /wp-login.php HTTP/1.1" 200 11708 "https://brescia.elettroservicegroup.it" "Mozilla/5.0 (Windows NT 10.0; Win64; x64) AppleWebKit/537.36 (KHTML, like Gecko) Chrome/120.0.0.0 Safari/537.36"
65.108.235.243 - - [18/Jun/2026:06:57:44 +0200] "POST /wp-json/complianz/v1/wsc-scan HTTP/1.1" 400 88 "-" "WordPress/7.0; https://brescia.elettroservicegroup.it"
65.108.235.243 - - [18/Jun/2026:07:49:52 +0200] "POST /wp-cron.php?doing_wp_cron=1781761792.0774409770965576171875 HTTP/1.1" 200 1 "-" "WordPress/7.0; https://brescia.elettroservicegroup.it"
66.249.70.8 - - [18/Jun/2026:07:49:49 +0200] "GET /?p=16478 HTTP/1.1" 404 17862 "-" "Mozilla/5.0 (Linux; Android 6.0.1; Nexus 5X Build/MMB29P) AppleWebKit/537.36 (KHTML, like Gecko) Chrome/148.0.7778.96 Mobile Safari/537.36 (compatible; Googlebot/2.1; +http://www.google.com/bot.html)"
65.108.235.243 - - [18/Jun/2026:08:33:49 +0200] "POST /wp-cron.php?doing_wp_cron=1781764429.7994899749755859375000 HTTP/1.1" 200 1 "-" "WordPress/7.0; https://brescia.elettroservicegroup.it"
66.249.70.8 - - [18/Jun/2026:08:33:48 +0200] "GET /?p=16660 HTTP/1.1" 404 17862 "-" "Mozilla/5.0 (Linux; Android 6.0.1; Nexus 5X Build/MMB29P) AppleWebKit/537.36 (KHTML, like Gecko) Chrome/148.0.7778.96 Mobile Safari/537.36 (compatible; Googlebot/2.1; +http://www.google.com/bot.html)"
65.108.235.243 - - [18/Jun/2026:08:33:50 +0200] "POST /wp-json/complianz/v1/wsc-scan HTTP/1.1" 400 88 "-" "WordPress/7.0; https://brescia.elettroservicegroup.it"
65.108.235.243 - - [18/Jun/2026:08:41:45 +0200] "POST /wp-cron.php?doing_wp_cron=1781764905.4670391082763671875000 HTTP/1.1" 200 1 "-" "WordPress/7.0; https://brescia.elettroservicegroup.it"
66.249.70.8 - - [18/Jun/2026:08:41:43 +0200] "GET /?p=16649 HTTP/1.1" 404 17862 "-" "Mozilla/5.0 (Linux; Android 6.0.1; Nexus 5X Build/MMB29P) AppleWebKit/537.36 (KHTML, like Gecko) Chrome/148.0.7778.96 Mobile Safari/537.36 (compatible; Googlebot/2.1; +http://www.google.com/bot.html)"
65.108.235.243 - - [18/Jun/2026:09:03:34 +0200] "POST /wp-cron.php?doing_wp_cron=1781766214.5815188884735107421875 HTTP/1.1" 200 1 "-" "WordPress/7.0; https://brescia.elettroservicegroup.it"
66.249.70.8 - - [18/Jun/2026:09:03:29 +0200] "GET /?p=16465 HTTP/1.1" 404 17862 "-" "Mozilla/5.0 (Linux; Android 6.0.1; Nexus 5X Build/MMB29P) AppleWebKit/537.36 (KHTML, like Gecko) Chrome/148.0.7778.96 Mobile Safari/537.36 (compatible; Googlebot/2.1; +http://www.google.com/bot.html)"