65.108.235.243 - - [18/Jun/2026:01:25:37 +0200] "POST /wp-cron.php?doing_wp_cron=1781738736.9810359477996826171875 HTTP/1.1" 200 1 "-" "WordPress/7.0; https://brescia.elettroservicegroup.it"
66.249.70.2 - - [18/Jun/2026:01:25:34 +0200] "GET /?p=16101 HTTP/1.1" 404 17861 "-" "Mozilla/5.0 (Linux; Android 6.0.1; Nexus 5X Build/MMB29P) AppleWebKit/537.36 (KHTML, like Gecko) Chrome/148.0.7778.96 Mobile Safari/537.36 (compatible; Googlebot/2.1; +http://www.google.com/bot.html)"
66.249.70.8 - - [18/Jun/2026:01:25:39 +0200] "GET /?p=15786 HTTP/1.1" 404 17861 "-" "Mozilla/5.0 (Linux; Android 6.0.1; Nexus 5X Build/MMB29P) AppleWebKit/537.36 (KHTML, like Gecko) Chrome/148.0.7778.96 Mobile Safari/537.36 (compatible; Googlebot/2.1; +http://www.google.com/bot.html)"
65.108.235.243 - - [18/Jun/2026:01:26:28 +0200] "POST /wp-cron.php?doing_wp_cron=1781738788.2800769805908203125000 HTTP/1.1" 200 1 "-" "WordPress/7.0; https://brescia.elettroservicegroup.it"
66.249.70.8 - - [18/Jun/2026:01:26:26 +0200] "GET /?p=16713 HTTP/1.1" 404 17861 "-" "Mozilla/5.0 (Linux; Android 6.0.1; Nexus 5X Build/MMB29P) AppleWebKit/537.36 (KHTML, like Gecko) Chrome/148.0.7778.96 Mobile Safari/537.36 (compatible; Googlebot/2.1; +http://www.google.com/bot.html)"
65.108.235.243 - - [18/Jun/2026:01:28:36 +0200] "POST /wp-cron.php?doing_wp_cron=1781738916.5782599449157714843750 HTTP/1.1" 200 1 "-" "WordPress/7.0; https://brescia.elettroservicegroup.it"
66.249.70.1 - - [18/Jun/2026:01:28:28 +0200] "GET /?p=16740 HTTP/1.1" 404 17861 "-" "Mozilla/5.0 (Linux; Android 6.0.1; Nexus 5X Build/MMB29P) AppleWebKit/537.36 (KHTML, like Gecko) Chrome/148.0.7778.96 Mobile Safari/537.36 (compatible; Googlebot/2.1; +http://www.google.com/bot.html)"
65.108.235.243 - - [18/Jun/2026:01:29:29 +0200] "POST /wp-cron.php?doing_wp_cron=1781738969.0835459232330322265625 HTTP/1.1" 200 1 "-" "WordPress/7.0; https://brescia.elettroservicegroup.it"
66.249.70.2 - - [18/Jun/2026:01:29:25 +0200] "GET /?p=15956 HTTP/1.1" 404 17861 "-" "Mozilla/5.0 (Linux; Android 6.0.1; Nexus 5X Build/MMB29P) AppleWebKit/537.36 (KHTML, like Gecko) Chrome/148.0.7778.96 Mobile Safari/537.36 (compatible; Googlebot/2.1; +http://www.google.com/bot.html)"
66.249.70.1 - - [18/Jun/2026:01:30:18 +0200] "GET /?p=16528 HTTP/1.1" 404 17861 "-" "Mozilla/5.0 (Linux; Android 6.0.1; Nexus 5X Build/MMB29P) AppleWebKit/537.36 (KHTML, like Gecko) Chrome/148.0.7778.96 Mobile Safari/537.36 (compatible; Googlebot/2.1; +http://www.google.com/bot.html)"
65.108.235.243 - - [18/Jun/2026:01:31:42 +0200] "POST /wp-cron.php?doing_wp_cron=1781739102.3784050941467285156250 HTTP/1.1" 200 1 "-" "WordPress/7.0; https://brescia.elettroservicegroup.it"
66.249.70.8 - - [18/Jun/2026:01:31:40 +0200] "GET /?p=16627 HTTP/1.1" 404 17861 "-" "Mozilla/5.0 (Linux; Android 6.0.1; Nexus 5X Build/MMB29P) AppleWebKit/537.36 (KHTML, like Gecko) Chrome/148.0.7778.96 Mobile Safari/537.36 (compatible; Googlebot/2.1; +http://www.google.com/bot.html)"
65.108.235.243 - - [18/Jun/2026:01:32:34 +0200] "POST /wp-cron.php?doing_wp_cron=1781739154.3794219493865966796875 HTTP/1.1" 200 1 "-" "WordPress/7.0; https://brescia.elettroservicegroup.it"
66.249.70.1 - - [18/Jun/2026:01:32:32 +0200] "GET /?p=16245 HTTP/1.1" 404 17861 "-" "Mozilla/5.0 (Linux; Android 6.0.1; Nexus 5X Build/MMB29P) AppleWebKit/537.36 (KHTML, like Gecko) Chrome/148.0.7778.96 Mobile Safari/537.36 (compatible; Googlebot/2.1; +http://www.google.com/bot.html)"
65.108.235.243 - - [18/Jun/2026:01:33:37 +0200] "POST /wp-cron.php?doing_wp_cron=1781739217.0148329734802246093750 HTTP/1.1" 200 1 "-" "WordPress/7.0; https://brescia.elettroservicegroup.it"
66.249.70.2 - - [18/Jun/2026:01:33:34 +0200] "GET /?p=16652 HTTP/1.1" 404 17861 "-" "Mozilla/5.0 (Linux; Android 6.0.1; Nexus 5X Build/MMB29P) AppleWebKit/537.36 (KHTML, like Gecko) Chrome/148.0.7778.96 Mobile Safari/537.36 (compatible; Googlebot/2.1; +http://www.google.com/bot.html)"
65.108.235.243 - - [18/Jun/2026:01:34:29 +0200] "POST /wp-cron.php?doing_wp_cron=1781739269.0466179847717285156250 HTTP/1.1" 200 1 "-" "WordPress/7.0; https://brescia.elettroservicegroup.it"
66.249.70.2 - - [18/Jun/2026:01:34:27 +0200] "GET /?p=16718 HTTP/1.1" 404 17861 "-" "Mozilla/5.0 (Linux; Android 6.0.1; Nexus 5X Build/MMB29P) AppleWebKit/537.36 (KHTML, like Gecko) Chrome/148.0.7778.96 Mobile Safari/537.36 (compatible; Googlebot/2.1; +http://www.google.com/bot.html)"
66.249.70.8 - - [18/Jun/2026:01:35:11 +0200] "GET /?p=16362 HTTP/1.1" 404 17861 "-" "Mozilla/5.0 (Linux; Android 6.0.1; Nexus 5X Build/MMB29P) AppleWebKit/537.36 (KHTML, like Gecko) Chrome/148.0.7778.96 Mobile Safari/537.36 (compatible; Googlebot/2.1; +http://www.google.com/bot.html)"
65.108.235.243 - - [18/Jun/2026:01:36:08 +0200] "POST /wp-cron.php?doing_wp_cron=1781739368.0948359966278076171875 HTTP/1.1" 200 1 "-" "WordPress/7.0; https://brescia.elettroservicegroup.it"
66.249.70.1 - - [18/Jun/2026:01:36:06 +0200] "GET /?p=15757 HTTP/1.1" 404 17861 "-" "Mozilla/5.0 (Linux; Android 6.0.1; Nexus 5X Build/MMB29P) AppleWebKit/537.36 (KHTML, like Gecko) Chrome/148.0.7778.96 Mobile Safari/537.36 (compatible; Googlebot/2.1; +http://www.google.com/bot.html)"
65.108.235.243 - - [18/Jun/2026:01:37:07 +0200] "POST /wp-cron.php?doing_wp_cron=1781739427.7063999176025390625000 HTTP/1.1" 200 1 "-" "WordPress/7.0; https://brescia.elettroservicegroup.it"
66.249.70.1 - - [18/Jun/2026:01:37:05 +0200] "GET /?p=16737 HTTP/1.1" 404 17861 "-" "Mozilla/5.0 (Linux; Android 6.0.1; Nexus 5X Build/MMB29P) AppleWebKit/537.36 (KHTML, like Gecko) Chrome/148.0.7778.96 Mobile Safari/537.36 (compatible; Googlebot/2.1; +http://www.google.com/bot.html)"
65.108.235.243 - - [18/Jun/2026:01:44:10 +0200] "POST /wp-cron.php?doing_wp_cron=1781739850.2663419246673583984375 HTTP/1.1" 200 1 "-" "WordPress/7.0; https://brescia.elettroservicegroup.it"
66.249.70.1 - - [18/Jun/2026:01:44:01 +0200] "GET /?p=16371 HTTP/1.1" 404 17861 "-" "Mozilla/5.0 (Linux; Android 6.0.1; Nexus 5X Build/MMB29P) AppleWebKit/537.36 (KHTML, like Gecko) Chrome/148.0.7778.96 Mobile Safari/537.36 (compatible; Googlebot/2.1; +http://www.google.com/bot.html)"
65.108.235.243 - - [18/Jun/2026:01:45:09 +0200] "POST /wp-cron.php?doing_wp_cron=1781739909.2840731143951416015625 HTTP/1.1" 200 1 "-" "WordPress/7.0; https://brescia.elettroservicegroup.it"
66.249.70.1 - - [18/Jun/2026:01:45:02 +0200] "GET /?p=15887 HTTP/1.1" 404 17861 "-" "Mozilla/5.0 (Linux; Android 6.0.1; Nexus 5X Build/MMB29P) AppleWebKit/537.36 (KHTML, like Gecko) Chrome/148.0.7778.96 Mobile Safari/537.36 (compatible; Googlebot/2.1; +http://www.google.com/bot.html)"
65.108.235.243 - - [18/Jun/2026:01:46:46 +0200] "POST /wp-cron.php?doing_wp_cron=1781740005.9745318889617919921875 HTTP/1.1" 200 1 "-" "WordPress/7.0; https://brescia.elettroservicegroup.it"
66.249.70.1 - - [18/Jun/2026:01:46:38 +0200] "GET /?p=15908 HTTP/1.1" 404 17861 "-" "Mozilla/5.0 (Linux; Android 6.0.1; Nexus 5X Build/MMB29P) AppleWebKit/537.36 (KHTML, like Gecko) Chrome/148.0.7778.96 Mobile Safari/537.36 (compatible; Googlebot/2.1; +http://www.google.com/bot.html)"
65.108.235.243 - - [18/Jun/2026:01:48:32 +0200] "POST /wp-cron.php?doing_wp_cron=1781740112.1689538955688476562500 HTTP/1.1" 200 1 "-" "WordPress/7.0; https://brescia.elettroservicegroup.it"
66.249.70.2 - - [18/Jun/2026:01:48:24 +0200] "GET /?p=16197 HTTP/1.1" 404 17861 "-" "Mozilla/5.0 (Linux; Android 6.0.1; Nexus 5X Build/MMB29P) AppleWebKit/537.36 (KHTML, like Gecko) Chrome/148.0.7778.96 Mobile Safari/537.36 (compatible; Googlebot/2.1; +http://www.google.com/bot.html)"
66.249.70.1 - - [18/Jun/2026:01:48:57 +0200] "GET /sitemap1.xml HTTP/1.1" 302 1 "-" "Mozilla/5.0 (compatible; Googlebot/2.1; +http://www.google.com/bot.html)"
66.249.70.8 - - [18/Jun/2026:01:48:57 +0200] "GET /sitemap.xml HTTP/1.1" 200 338 "-" "Mozilla/5.0 (compatible; Googlebot/2.1; +http://www.google.com/bot.html)"
66.249.70.2 - - [18/Jun/2026:01:49:06 +0200] "GET /?p=16180 HTTP/1.1" 404 17861 "-" "Mozilla/5.0 (Linux; Android 6.0.1; Nexus 5X Build/MMB29P) AppleWebKit/537.36 (KHTML, like Gecko) Chrome/148.0.7778.96 Mobile Safari/537.36 (compatible; Googlebot/2.1; +http://www.google.com/bot.html)"
65.108.235.243 - - [18/Jun/2026:01:51:08 +0200] "POST /wp-cron.php?doing_wp_cron=1781740268.4036130905151367187500 HTTP/1.1" 200 1 "-" "WordPress/7.0; https://brescia.elettroservicegroup.it"
66.249.70.1 - - [18/Jun/2026:01:51:06 +0200] "GET /?p=16360 HTTP/1.1" 404 17861 "-" "Mozilla/5.0 (Linux; Android 6.0.1; Nexus 5X Build/MMB29P) AppleWebKit/537.36 (KHTML, like Gecko) Chrome/148.0.7778.96 Mobile Safari/537.36 (compatible; Googlebot/2.1; +http://www.google.com/bot.html)"
65.108.235.243 - - [18/Jun/2026:01:52:03 +0200] "POST /wp-cron.php?doing_wp_cron=1781740323.3804879188537597656250 HTTP/1.1" 200 1 "-" "WordPress/7.0; https://brescia.elettroservicegroup.it"
66.249.70.8 - - [18/Jun/2026:01:51:57 +0200] "GET /?p=16017 HTTP/1.1" 404 17861 "-" "Mozilla/5.0 (Linux; Android 6.0.1; Nexus 5X Build/MMB29P) AppleWebKit/537.36 (KHTML, like Gecko) Chrome/148.0.7778.96 Mobile Safari/537.36 (compatible; Googlebot/2.1; +http://www.google.com/bot.html)"
65.108.235.243 - - [18/Jun/2026:01:52:51 +0200] "POST /wp-cron.php?doing_wp_cron=1781740371.4632101058959960937500 HTTP/1.1" 200 1 "-" "WordPress/7.0; https://brescia.elettroservicegroup.it"
66.249.70.8 - - [18/Jun/2026:01:52:46 +0200] "GET /?p=16268 HTTP/1.1" 404 17861 "-" "Mozilla/5.0 (Linux; Android 6.0.1; Nexus 5X Build/MMB29P) AppleWebKit/537.36 (KHTML, like Gecko) Chrome/148.0.7778.96 Mobile Safari/537.36 (compatible; Googlebot/2.1; +http://www.google.com/bot.html)"
66.249.70.8 - - [18/Jun/2026:01:52:58 +0200] "GET /?p=16343 HTTP/1.1" 404 17861 "-" "Mozilla/5.0 (Linux; Android 6.0.1; Nexus 5X Build/MMB29P) AppleWebKit/537.36 (KHTML, like Gecko) Chrome/148.0.7778.96 Mobile Safari/537.36 (compatible; Googlebot/2.1; +http://www.google.com/bot.html)"
65.108.235.243 - - [18/Jun/2026:01:54:28 +0200] "POST /wp-cron.php?doing_wp_cron=1781740468.8661780357360839843750 HTTP/1.1" 200 1 "-" "WordPress/7.0; https://brescia.elettroservicegroup.it"
66.249.70.8 - - [18/Jun/2026:01:54:20 +0200] "GET /?p=16728 HTTP/1.1" 404 17861 "-" "Mozilla/5.0 (Linux; Android 6.0.1; Nexus 5X Build/MMB29P) AppleWebKit/537.36 (KHTML, like Gecko) Chrome/148.0.7778.96 Mobile Safari/537.36 (compatible; Googlebot/2.1; +http://www.google.com/bot.html)"
65.108.235.243 - - [18/Jun/2026:01:55:26 +0200] "POST /wp-cron.php?doing_wp_cron=1781740526.6161940097808837890625 HTTP/1.1" 200 1 "-" "WordPress/7.0; https://brescia.elettroservicegroup.it"
66.249.70.1 - - [18/Jun/2026:01:55:24 +0200] "GET /?p=16010 HTTP/1.1" 404 17861 "-" "Mozilla/5.0 (Linux; Android 6.0.1; Nexus 5X Build/MMB29P) AppleWebKit/537.36 (KHTML, like Gecko) Chrome/148.0.7778.96 Mobile Safari/537.36 (compatible; Googlebot/2.1; +http://www.google.com/bot.html)"
65.108.235.243 - - [18/Jun/2026:01:56:23 +0200] "POST /wp-cron.php?doing_wp_cron=1781740583.4222478866577148437500 HTTP/1.1" 200 1 "-" "WordPress/7.0; https://brescia.elettroservicegroup.it"
66.249.70.8 - - [18/Jun/2026:01:56:21 +0200] "GET /?p=16394 HTTP/1.1" 404 17861 "-" "Mozilla/5.0 (Linux; Android 6.0.1; Nexus 5X Build/MMB29P) AppleWebKit/537.36 (KHTML, like Gecko) Chrome/148.0.7778.96 Mobile Safari/537.36 (compatible; Googlebot/2.1; +http://www.google.com/bot.html)"
65.108.235.243 - - [18/Jun/2026:01:58:10 +0200] "POST /wp-cron.php?doing_wp_cron=1781740690.7793068885803222656250 HTTP/1.1" 200 1 "-" "WordPress/7.0; https://brescia.elettroservicegroup.it"
66.249.70.8 - - [18/Jun/2026:01:58:08 +0200] "GET /?p=16730 HTTP/1.1" 404 17861 "-" "Mozilla/5.0 (Linux; Android 6.0.1; Nexus 5X Build/MMB29P) AppleWebKit/537.36 (KHTML, like Gecko) Chrome/148.0.7778.96 Mobile Safari/537.36 (compatible; Googlebot/2.1; +http://www.google.com/bot.html)"
65.108.235.243 - - [18/Jun/2026:01:58:45 +0200] "POST /wp-cron.php?doing_wp_cron=1781740725.3970129489898681640625 HTTP/1.1" 200 1 "-" "WordPress/7.0; https://brescia.elettroservicegroup.it"
66.249.70.1 - - [18/Jun/2026:01:58:42 +0200] "GET /?p=16239 HTTP/1.1" 404 17861 "-" "Mozilla/5.0 (Linux; Android 6.0.1; Nexus 5X Build/MMB29P) AppleWebKit/537.36 (KHTML, like Gecko) Chrome/148.0.7778.96 Mobile Safari/537.36 (compatible; Googlebot/2.1; +http://www.google.com/bot.html)"
65.108.235.243 - - [18/Jun/2026:01:59:38 +0200] "POST /wp-cron.php?doing_wp_cron=1781740778.9679980278015136718750 HTTP/1.1" 200 1 "-" "WordPress/7.0; https://brescia.elettroservicegroup.it"
66.249.70.1 - - [18/Jun/2026:01:59:34 +0200] "GET /?p=16399 HTTP/1.1" 404 17861 "-" "Mozilla/5.0 (Linux; Android 6.0.1; Nexus 5X Build/MMB29P) AppleWebKit/537.36 (KHTML, like Gecko) Chrome/148.0.7778.96 Mobile Safari/537.36 (compatible; Googlebot/2.1; +http://www.google.com/bot.html)"
65.108.235.243 - - [18/Jun/2026:02:01:05 +0200] "POST /wp-cron.php?doing_wp_cron=1781740865.0738780498504638671875 HTTP/1.1" 200 1 "-" "WordPress/7.0; https://brescia.elettroservicegroup.it"
66.249.70.8 - - [18/Jun/2026:02:01:02 +0200] "GET /?p=16241 HTTP/1.1" 404 17861 "-" "Mozilla/5.0 (Linux; Android 6.0.1; Nexus 5X Build/MMB29P) AppleWebKit/537.36 (KHTML, like Gecko) Chrome/148.0.7778.96 Mobile Safari/537.36 (compatible; Googlebot/2.1; +http://www.google.com/bot.html)"
66.249.70.1 - - [18/Jun/2026:02:01:19 +0200] "GET /?p=16482 HTTP/1.1" 404 17861 "-" "Mozilla/5.0 (Linux; Android 6.0.1; Nexus 5X Build/MMB29P) AppleWebKit/537.36 (KHTML, like Gecko) Chrome/148.0.7778.96 Mobile Safari/537.36 (compatible; Googlebot/2.1; +http://www.google.com/bot.html)"
65.108.235.243 - - [18/Jun/2026:02:01:28 +0200] "POST /wp-cron.php?doing_wp_cron=1781740888.2100780010223388671875 HTTP/1.1" 200 1 "-" "WordPress/7.0; https://brescia.elettroservicegroup.it"
66.249.70.8 - - [18/Jun/2026:02:01:27 +0200] "GET /?p=16839 HTTP/1.1" 404 17861 "-" "Mozilla/5.0 (Linux; Android 6.0.1; Nexus 5X Build/MMB29P) AppleWebKit/537.36 (KHTML, like Gecko) Chrome/148.0.7778.96 Mobile Safari/537.36 (compatible; Googlebot/2.1; +http://www.google.com/bot.html)"
66.249.70.2 - - [18/Jun/2026:02:02:11 +0200] "GET /?p=15753 HTTP/1.1" 404 17861 "-" "Mozilla/5.0 (Linux; Android 6.0.1; Nexus 5X Build/MMB29P) AppleWebKit/537.36 (KHTML, like Gecko) Chrome/148.0.7778.96 Mobile Safari/537.36 (compatible; Googlebot/2.1; +http://www.google.com/bot.html)"
83.218.217.211 - - [18/Jun/2026:02:02:22 +0200] "POST /xmlrpc.php HTTP/2.0" 403 52 "-" "WordPress/XMLRPC Client"
65.108.235.243 - - [18/Jun/2026:02:06:51 +0200] "POST /wp-cron.php?doing_wp_cron=1781741211.1794490814208984375000 HTTP/1.1" 200 1 "-" "WordPress/7.0; https://brescia.elettroservicegroup.it"
52.167.144.57 - - [18/Jun/2026:02:06:45 +0200] "GET /robots.txt HTTP/2.0" 301 1 "-" "Mozilla/5.0 AppleWebKit/537.36 (KHTML, like Gecko; compatible; bingbot/2.0; +http://www.bing.com/bingbot.htm) Chrome/116.0.1938.76 Safari/537.36"
52.167.144.57 - - [18/Jun/2026:02:06:52 +0200] "GET /robots.txt HTTP/2.0" 200 106 "-" "Mozilla/5.0 AppleWebKit/537.36 (KHTML, like Gecko; compatible; bingbot/2.0; +http://www.bing.com/bingbot.htm) Chrome/116.0.1938.76 Safari/537.36"
52.167.144.227 - - [18/Jun/2026:02:07:00 +0200] "GET /assistenza-asciugatrici/ HTTP/2.0" 301 1 "-" "Mozilla/5.0 AppleWebKit/537.36 (KHTML, like Gecko; compatible; bingbot/2.0; +http://www.bing.com/bingbot.htm) Chrome/116.0.1938.76 Safari/537.36"
65.108.235.243 - - [18/Jun/2026:02:10:51 +0200] "POST /wp-cron.php?doing_wp_cron=1781741451.0777060985565185546875 HTTP/1.1" 200 1 "-" "WordPress/7.0; https://brescia.elettroservicegroup.it"
66.249.70.2 - - [18/Jun/2026:02:10:49 +0200] "GET /?p=16019 HTTP/1.1" 404 17861 "-" "Mozilla/5.0 (Linux; Android 6.0.1; Nexus 5X Build/MMB29P) AppleWebKit/537.36 (KHTML, like Gecko) Chrome/148.0.7778.96 Mobile Safari/537.36 (compatible; Googlebot/2.1; +http://www.google.com/bot.html)"
66.249.70.1 - - [18/Jun/2026:02:11:00 +0200] "GET /?p=16438 HTTP/1.1" 404 17861 "-" "Mozilla/5.0 (Linux; Android 6.0.1; Nexus 5X Build/MMB29P) AppleWebKit/537.36 (KHTML, like Gecko) Chrome/148.0.7778.96 Mobile Safari/537.36 (compatible; Googlebot/2.1; +http://www.google.com/bot.html)"
65.108.235.243 - - [18/Jun/2026:02:16:29 +0200] "POST /wp-cron.php?doing_wp_cron=1781741789.7023470401763916015625 HTTP/1.1" 200 1 "-" "WordPress/7.0; https://brescia.elettroservicegroup.it"
66.249.70.1 - - [18/Jun/2026:02:16:26 +0200] "GET /?p=16564 HTTP/1.1" 404 17861 "-" "Mozilla/5.0 (Linux; Android 6.0.1; Nexus 5X Build/MMB29P) AppleWebKit/537.36 (KHTML, like Gecko) Chrome/148.0.7778.96 Mobile Safari/537.36 (compatible; Googlebot/2.1; +http://www.google.com/bot.html)"
65.108.235.243 - - [18/Jun/2026:02:16:30 +0200] "POST /wp-json/complianz/v1/wsc-scan HTTP/1.1" 400 88 "-" "WordPress/7.0; https://brescia.elettroservicegroup.it"
65.108.235.243 - - [18/Jun/2026:02:17:47 +0200] "POST /wp-cron.php?doing_wp_cron=1781741867.9164400100708007812500 HTTP/1.1" 200 1 "-" "WordPress/7.0; https://brescia.elettroservicegroup.it"
66.249.70.8 - - [18/Jun/2026:02:17:45 +0200] "GET /?p=15953 HTTP/1.1" 404 17861 "-" "Mozilla/5.0 (Linux; Android 6.0.1; Nexus 5X Build/MMB29P) AppleWebKit/537.36 (KHTML, like Gecko) Chrome/148.0.7778.96 Mobile Safari/537.36 (compatible; Googlebot/2.1; +http://www.google.com/bot.html)"
66.249.70.1 - - [18/Jun/2026:02:18:15 +0200] "GET /?p=16421 HTTP/1.1" 404 17861 "-" "Mozilla/5.0 (Linux; Android 6.0.1; Nexus 5X Build/MMB29P) AppleWebKit/537.36 (KHTML, like Gecko) Chrome/148.0.7778.96 Mobile Safari/537.36 (compatible; Googlebot/2.1; +http://www.google.com/bot.html)"
65.108.235.243 - - [18/Jun/2026:02:19:58 +0200] "POST /wp-cron.php?doing_wp_cron=1781741998.8778989315032958984375 HTTP/1.1" 200 1 "-" "WordPress/7.0; https://brescia.elettroservicegroup.it"
66.249.70.2 - - [18/Jun/2026:02:19:54 +0200] "GET /hotpoint-ariston-jpg/ HTTP/1.1" 200 18720 "-" "Mozilla/5.0 (Linux; Android 6.0.1; Nexus 5X Build/MMB29P) AppleWebKit/537.36 (KHTML, like Gecko) Chrome/148.0.7778.96 Mobile Safari/537.36 (compatible; Googlebot/2.1; +http://www.google.com/bot.html)"
66.249.70.1 - - [18/Jun/2026:02:20:02 +0200] "GET /wp-content/plugins/wpfront-notification-bar/css/wpfront-notification-bar.min.css?ver=3.5.1.05102 HTTP/1.1" 200 665 "https://brescia.elettroservicegroup.it/hotpoint-ariston-jpg/" "Mozilla/5.0 (Linux; Android 6.0.1; Nexus 5X Build/MMB29P) AppleWebKit/537.36 (KHTML, like Gecko) Chrome/148.0.7778.96 Mobile Safari/537.36 (compatible; Googlebot/2.1; +http://www.google.com/bot.html)"
66.249.70.1 - - [18/Jun/2026:02:20:02 +0200] "GET /wp-content/plugins/elementor/assets/lib/font-awesome/css/all.min.css?ver=4.1.3 HTTP/1.1" 200 12402 "https://brescia.elettroservicegroup.it/hotpoint-ariston-jpg/" "Mozilla/5.0 (Linux; Android 6.0.1; Nexus 5X Build/MMB29P) AppleWebKit/537.36 (KHTML, like Gecko) Chrome/148.0.7778.96 Mobile Safari/537.36 (compatible; Googlebot/2.1; +http://www.google.com/bot.html)"
66.249.70.8 - - [18/Jun/2026:02:20:02 +0200] "GET /wp-content/plugins/header-footer-elementor/inc/widgets-css/frontend.css?ver=2.8.8 HTTP/1.1" 200 8711 "https://brescia.elettroservicegroup.it/hotpoint-ariston-jpg/" "Mozilla/5.0 (Linux; Android 6.0.1; Nexus 5X Build/MMB29P) AppleWebKit/537.36 (KHTML, like Gecko) Chrome/148.0.7778.96 Mobile Safari/537.36 (compatible; Googlebot/2.1; +http://www.google.com/bot.html)"
66.249.70.1 - - [18/Jun/2026:02:20:02 +0200] "GET /wp-content/plugins/elementor/assets/css/widget-social-icons.min.css?ver=3.24.0 HTTP/1.1" 200 1039 "https://brescia.elettroservicegroup.it/hotpoint-ariston-jpg/" "Mozilla/5.0 (Linux; Android 6.0.1; Nexus 5X Build/MMB29P) AppleWebKit/537.36 (KHTML, like Gecko) Chrome/148.0.7778.96 Mobile Safari/537.36 (compatible; Googlebot/2.1; +http://www.google.com/bot.html)"
66.249.70.8 - - [18/Jun/2026:02:20:02 +0200] "GET /wp-content/themes/generatepress/assets/css/main.min.css?ver=3.6.1 HTTP/1.1" 200 4410 "https://brescia.elettroservicegroup.it/hotpoint-ariston-jpg/" "Mozilla/5.0 (Linux; Android 6.0.1; Nexus 5X Build/MMB29P) AppleWebKit/537.36 (KHTML, like Gecko) Chrome/148.0.7778.96 Mobile Safari/537.36 (compatible; Googlebot/2.1; +http://www.google.com/bot.html)"
66.249.70.1 - - [18/Jun/2026:02:20:02 +0200] "GET /wp-includes/js/jquery/jquery.min.js?ver=3.7.1 HTTP/1.1" 200 29769 "https://brescia.elettroservicegroup.it/hotpoint-ariston-jpg/" "Mozilla/5.0 (Linux; Android 6.0.1; Nexus 5X Build/MMB29P) AppleWebKit/537.36 (KHTML, like Gecko) Chrome/148.0.7778.96 Mobile Safari/537.36 (compatible; Googlebot/2.1; +http://www.google.com/bot.html)"
66.249.70.1 - - [18/Jun/2026:02:20:02 +0200] "GET /wp-content/plugins/header-footer-elementor/assets/css/header-footer-elementor.css?ver=2.8.8 HTTP/1.1" 200 260 "https://brescia.elettroservicegroup.it/hotpoint-ariston-jpg/" "Mozilla/5.0 (Linux; Android 6.0.1; Nexus 5X Build/MMB29P) AppleWebKit/537.36 (KHTML, like Gecko) Chrome/148.0.7778.96 Mobile Safari/537.36 (compatible; Googlebot/2.1; +http://www.google.com/bot.html)"
66.249.70.1 - - [18/Jun/2026:02:20:02 +0200] "GET /wp-content/plugins/elementor/assets/lib/eicons/css/elementor-icons.min.css?ver=5.34.0 HTTP/1.1" 200 4115 "https://brescia.elettroservicegroup.it/hotpoint-ariston-jpg/" "Mozilla/5.0 (Linux; Android 6.0.1; Nexus 5X Build/MMB29P) AppleWebKit/537.36 (KHTML, like Gecko) Chrome/148.0.7778.96 Mobile Safari/537.36 (compatible; Googlebot/2.1; +http://www.google.com/bot.html)"
66.249.70.8 - - [18/Jun/2026:02:20:02 +0200] "GET /wp-content/plugins/essential-addons-for-elementor-lite/assets/front-end/css/view/general.min.css?ver=6.6.7 HTTP/1.1" 200 1422 "https://brescia.elettroservicegroup.it/hotpoint-ariston-jpg/" "Mozilla/5.0 (Linux; Android 6.0.1; Nexus 5X Build/MMB29P) AppleWebKit/537.36 (KHTML, like Gecko) Chrome/148.0.7778.96 Mobile Safari/537.36 (compatible; Googlebot/2.1; +http://www.google.com/bot.html)"
66.249.70.8 - - [18/Jun/2026:02:20:02 +0200] "GET /wp-content/plugins/complianz-gdpr-premium/assets/css/cookieblocker.min.css?ver=1780704000 HTTP/1.1" 200 615 "https://brescia.elettroservicegroup.it/hotpoint-ariston-jpg/" "Mozilla/5.0 (Linux; Android 6.0.1; Nexus 5X Build/MMB29P) AppleWebKit/537.36 (KHTML, like Gecko) Chrome/148.0.7778.96 Mobile Safari/537.36 (compatible; Googlebot/2.1; +http://www.google.com/bot.html)"
66.249.70.1 - - [18/Jun/2026:02:20:03 +0200] "GET /wp-content/themes/generatepress/assets/js/menu.min.js?ver=3.6.1 HTTP/1.1" 200 1688 "https://brescia.elettroservicegroup.it/hotpoint-ariston-jpg/" "Mozilla/5.0 (Linux; Android 6.0.1; Nexus 5X Build/MMB29P) AppleWebKit/537.36 (KHTML, like Gecko) Chrome/148.0.7778.96 Mobile Safari/537.36 (compatible; Googlebot/2.1; +http://www.google.com/bot.html)"
66.249.70.1 - - [18/Jun/2026:02:20:03 +0200] "GET /wp-content/plugins/elementor/assets/css/widget-icon-list.min.css?ver=3.24.3 HTTP/1.1" 200 928 "https://brescia.elettroservicegroup.it/hotpoint-ariston-jpg/" "Mozilla/5.0 (Linux; Android 6.0.1; Nexus 5X Build/MMB29P) AppleWebKit/537.36 (KHTML, like Gecko) Chrome/148.0.7778.96 Mobile Safari/537.36 (compatible; Googlebot/2.1; +http://www.google.com/bot.html)"
66.249.70.8 - - [18/Jun/2026:02:20:03 +0200] "GET /wp-content/plugins/elementor/assets/lib/font-awesome/css/brands.css?ver=5.15.3 HTTP/1.1" 200 298 "https://brescia.elettroservicegroup.it/hotpoint-ariston-jpg/" "Mozilla/5.0 (Linux; Android 6.0.1; Nexus 5X Build/MMB29P) AppleWebKit/537.36 (KHTML, like Gecko) Chrome/148.0.7778.96 Mobile Safari/537.36 (compatible; Googlebot/2.1; +http://www.google.com/bot.html)"
66.249.70.8 - - [18/Jun/2026:02:20:03 +0200] "GET /wp-content/plugins/all-in-one-seo-pack/dist/Lite/assets/css/table-of-contents/global.e90f6d47.css?ver=4.9.8 HTTP/1.1" 200 420 "https://brescia.elettroservicegroup.it/hotpoint-ariston-jpg/" "Mozilla/5.0 (Linux; Android 6.0.1; Nexus 5X Build/MMB29P) AppleWebKit/537.36 (KHTML, like Gecko) Chrome/148.0.7778.96 Mobile Safari/537.36 (compatible; Googlebot/2.1; +http://www.google.com/bot.html)"
66.249.70.1 - - [18/Jun/2026:02:20:04 +0200] "GET /wp-content/plugins/wpfront-notification-bar/js/wpfront-notification-bar.min.js?ver=3.5.1.05102 HTTP/1.1" 200 1497 "https://brescia.elettroservicegroup.it/hotpoint-ariston-jpg/" "Mozilla/5.0 (Linux; Android 6.0.1; Nexus 5X Build/MMB29P) AppleWebKit/537.36 (KHTML, like Gecko) Chrome/148.0.7778.96 Mobile Safari/537.36 (compatible; Googlebot/2.1; +http://www.google.com/bot.html)"
66.249.70.2 - - [18/Jun/2026:02:20:04 +0200] "GET /wp-content/themes/generatepress/assets/js/back-to-top.min.js?ver=3.6.1 HTTP/1.1" 200 336 "https://brescia.elettroservicegroup.it/hotpoint-ariston-jpg/" "Mozilla/5.0 (Linux; Android 6.0.1; Nexus 5X Build/MMB29P) AppleWebKit/537.36 (KHTML, like Gecko) Chrome/148.0.7778.96 Mobile Safari/537.36 (compatible; Googlebot/2.1; +http://www.google.com/bot.html)"
66.249.70.8 - - [18/Jun/2026:02:20:04 +0200] "GET /wp-content/uploads/elementor/google-fonts/css/roboto.css?ver=1742275292 HTTP/1.1" 200 1886 "https://brescia.elettroservicegroup.it/hotpoint-ariston-jpg/" "Mozilla/5.0 (Linux; Android 6.0.1; Nexus 5X Build/MMB29P) AppleWebKit/537.36 (KHTML, like Gecko) Chrome/148.0.7778.96 Mobile Safari/537.36 (compatible; Googlebot/2.1; +http://www.google.com/bot.html)"
66.249.70.8 - - [18/Jun/2026:02:20:04 +0200] "GET /wp-content/plugins/gp-premium/menu-plus/functions/css/navigation-branding-flex.min.css?ver=2.5.5 HTTP/1.1" 200 542 "https://brescia.elettroservicegroup.it/hotpoint-ariston-jpg/" "Mozilla/5.0 (Linux; Android 6.0.1; Nexus 5X Build/MMB29P) AppleWebKit/537.36 (KHTML, like Gecko) Chrome/148.0.7778.96 Mobile Safari/537.36 (compatible; Googlebot/2.1; +http://www.google.com/bot.html)"
66.249.70.2 - - [18/Jun/2026:02:20:04 +0200] "GET /wp-content/uploads/elementor/css/post-14366.css?ver=1780704000 HTTP/1.1" 200 297 "https://brescia.elettroservicegroup.it/hotpoint-ariston-jpg/" "Mozilla/5.0 (Linux; Android 6.0.1; Nexus 5X Build/MMB29P) AppleWebKit/537.36 (KHTML, like Gecko) Chrome/148.0.7778.96 Mobile Safari/537.36 (compatible; Googlebot/2.1; +http://www.google.com/bot.html)"
66.249.70.8 - - [18/Jun/2026:02:20:04 +0200] "GET /wp-content/plugins/gp-premium/menu-plus/functions/js/sticky.min.js?ver=2.5.5 HTTP/1.1" 200 2670 "https://brescia.elettroservicegroup.it/hotpoint-ariston-jpg/" "Mozilla/5.0 (Linux; Android 6.0.1; Nexus 5X Build/MMB29P) AppleWebKit/537.36 (KHTML, like Gecko) Chrome/148.0.7778.96 Mobile Safari/537.36 (compatible; Googlebot/2.1; +http://www.google.com/bot.html)"
66.249.70.8 - - [18/Jun/2026:02:20:04 +0200] "GET /wp-content/plugins/elementor/assets/lib/font-awesome/css/solid.css?ver=5.15.3 HTTP/1.1" 200 299 "https://brescia.elettroservicegroup.it/hotpoint-ariston-jpg/" "Mozilla/5.0 (Linux; Android 6.0.1; Nexus 5X Build/MMB29P) AppleWebKit/537.36 (KHTML, like Gecko) Chrome/148.0.7778.96 Mobile Safari/537.36 (compatible; Googlebot/2.1; +http://www.google.com/bot.html)"
66.249.70.2 - - [18/Jun/2026:02:20:04 +0200] "GET /wp-content/plugins/elementor/assets/lib/eicons/css/elementor-icons.min.css?ver=5.49.0 HTTP/1.1" 200 4115 "https://brescia.elettroservicegroup.it/hotpoint-ariston-jpg/" "Mozilla/5.0 (Linux; Android 6.0.1; Nexus 5X Build/MMB29P) AppleWebKit/537.36 (KHTML, like Gecko) Chrome/148.0.7778.96 Mobile Safari/537.36 (compatible; Googlebot/2.1; +http://www.google.com/bot.html)"
66.249.70.1 - - [18/Jun/2026:02:20:05 +0200] "GET /wp-includes/js/jquery/jquery-migrate.min.js?ver=3.4.1 HTTP/1.1" 200 4685 "https://brescia.elettroservicegroup.it/hotpoint-ariston-jpg/" "Mozilla/5.0 (Linux; Android 6.0.1; Nexus 5X Build/MMB29P) AppleWebKit/537.36 (KHTML, like Gecko) Chrome/148.0.7778.96 Mobile Safari/537.36 (compatible; Googlebot/2.1; +http://www.google.com/bot.html)"
66.249.70.1 - - [18/Jun/2026:02:20:05 +0200] "GET /wp-content/plugins/elementor/assets/lib/font-awesome/js/v4-shims.min.js?ver=4.1.3 HTTP/1.1" 200 4043 "https://brescia.elettroservicegroup.it/hotpoint-ariston-jpg/" "Mozilla/5.0 (Linux; Android 6.0.1; Nexus 5X Build/MMB29P) AppleWebKit/537.36 (KHTML, like Gecko) Chrome/148.0.7778.96 Mobile Safari/537.36 (compatible; Googlebot/2.1; +http://www.google.com/bot.html)"
66.249.70.8 - - [18/Jun/2026:02:20:05 +0200] "GET /wp-content/uploads/elementor/css/post-14146.css?ver=1780704000 HTTP/1.1" 200 428 "https://brescia.elettroservicegroup.it/hotpoint-ariston-jpg/" "Mozilla/5.0 (Linux; Android 6.0.1; Nexus 5X Build/MMB29P) AppleWebKit/537.36 (KHTML, like Gecko) Chrome/148.0.7778.96 Mobile Safari/537.36 (compatible; Googlebot/2.1; +http://www.google.com/bot.html)"
66.249.70.8 - - [18/Jun/2026:02:20:05 +0200] "GET /wp-content/plugins/elementor/assets/css/frontend.min.css?ver=4.1.3 HTTP/1.1" 200 6618 "https://brescia.elettroservicegroup.it/hotpoint-ariston-jpg/" "Mozilla/5.0 (Linux; Android 6.0.1; Nexus 5X Build/MMB29P) AppleWebKit/537.36 (KHTML, like Gecko) Chrome/148.0.7778.96 Mobile Safari/537.36 (compatible; Googlebot/2.1; +http://www.google.com/bot.html)"
66.249.70.2 - - [18/Jun/2026:02:20:05 +0200] "GET /wp-content/plugins/elementor/assets/js/webpack.runtime.min.js?ver=4.1.3 HTTP/1.1" 200 2340 "https://brescia.elettroservicegroup.it/hotpoint-ariston-jpg/" "Mozilla/5.0 (Linux; Android 6.0.1; Nexus 5X Build/MMB29P) AppleWebKit/537.36 (KHTML, like Gecko) Chrome/148.0.7778.96 Mobile Safari/537.36 (compatible; Googlebot/2.1; +http://www.google.com/bot.html)"
66.249.70.2 - - [18/Jun/2026:02:20:05 +0200] "GET /wp-content/plugins/elementor/assets/lib/font-awesome/css/fontawesome.css?ver=5.15.3 HTTP/1.1" 200 12535 "https://brescia.elettroservicegroup.it/hotpoint-ariston-jpg/" "Mozilla/5.0 (Linux; Android 6.0.1; Nexus 5X Build/MMB29P) AppleWebKit/537.36 (KHTML, like Gecko) Chrome/148.0.7778.96 Mobile Safari/537.36 (compatible; Googlebot/2.1; +http://www.google.com/bot.html)"
66.249.70.1 - - [18/Jun/2026:02:20:05 +0200] "GET /wp-content/themes/generatepress/assets/css/components/comments.min.css?ver=3.6.1 HTTP/1.1" 200 488 "https://brescia.elettroservicegroup.it/hotpoint-ariston-jpg/" "Mozilla/5.0 (Linux; Android 6.0.1; Nexus 5X Build/MMB29P) AppleWebKit/537.36 (KHTML, like Gecko) Chrome/148.0.7778.96 Mobile Safari/537.36 (compatible; Googlebot/2.1; +http://www.google.com/bot.html)"
66.249.70.8 - - [18/Jun/2026:02:20:06 +0200] "GET /wp-content/uploads/elementor/google-fonts/css/robotoslab.css?ver=1742275294 HTTP/1.1" 200 717 "https://brescia.elettroservicegroup.it/hotpoint-ariston-jpg/" "Mozilla/5.0 (Linux; Android 6.0.1; Nexus 5X Build/MMB29P) AppleWebKit/537.36 (KHTML, like Gecko) Chrome/148.0.7778.96 Mobile Safari/537.36 (compatible; Googlebot/2.1; +http://www.google.com/bot.html)"
66.249.70.8 - - [18/Jun/2026:02:20:06 +0200] "GET /wp-includes/css/dist/block-library/style.min.css?ver=7.0 HTTP/1.1" 200 15998 "https://brescia.elettroservicegroup.it/hotpoint-ariston-jpg/" "Mozilla/5.0 (Linux; Android 6.0.1; Nexus 5X Build/MMB29P) AppleWebKit/537.36 (KHTML, like Gecko) Chrome/148.0.7778.96 Mobile Safari/537.36 (compatible; Googlebot/2.1; +http://www.google.com/bot.html)"
66.249.70.8 - - [18/Jun/2026:02:20:06 +0200] "GET /wp-content/plugins/elementor/assets/js/frontend-modules.min.js?ver=4.1.3 HTTP/1.1" 200 15454 "https://brescia.elettroservicegroup.it/hotpoint-ariston-jpg/" "Mozilla/5.0 (Linux; Android 6.0.1; Nexus 5X Build/MMB29P) AppleWebKit/537.36 (KHTML, like Gecko) Chrome/148.0.7778.96 Mobile Safari/537.36 (compatible; Googlebot/2.1; +http://www.google.com/bot.html)"
66.249.70.1 - - [18/Jun/2026:02:20:07 +0200] "GET /wp-includes/js/jquery/ui/core.min.js?ver=1.13.3 HTTP/1.1" 200 6820 "https://brescia.elettroservicegroup.it/hotpoint-ariston-jpg/" "Mozilla/5.0 (Linux; Android 6.0.1; Nexus 5X Build/MMB29P) AppleWebKit/537.36 (KHTML, like Gecko) Chrome/148.0.7778.96 Mobile Safari/537.36 (compatible; Googlebot/2.1; +http://www.google.com/bot.html)"
66.249.70.8 - - [18/Jun/2026:02:20:07 +0200] "GET /wp-content/plugins/essential-addons-for-elementor-lite/assets/front-end/js/view/general.min.js?ver=6.6.7 HTTP/1.1" 200 3900 "https://brescia.elettroservicegroup.it/hotpoint-ariston-jpg/" "Mozilla/5.0 (Linux; Android 6.0.1; Nexus 5X Build/MMB29P) AppleWebKit/537.36 (KHTML, like Gecko) Chrome/148.0.7778.96 Mobile Safari/537.36 (compatible; Googlebot/2.1; +http://www.google.com/bot.html)"
66.249.70.8 - - [18/Jun/2026:02:20:08 +0200] "GET /wp-content/plugins/elementor/assets/js/frontend.min.js?ver=4.1.3 HTTP/1.1" 200 10140 "https://brescia.elettroservicegroup.it/hotpoint-ariston-jpg/" "Mozilla/5.0 (Linux; Android 6.0.1; Nexus 5X Build/MMB29P) AppleWebKit/537.36 (KHTML, like Gecko) Chrome/148.0.7778.96 Mobile Safari/537.36 (compatible; Googlebot/2.1; +http://www.google.com/bot.html)"
66.249.70.8 - - [18/Jun/2026:02:20:09 +0200] "GET /wp-content/plugins/elementor/assets/css/conditionals/dialog.min.css?ver=4.1.3 HTTP/1.1" 200 1428 "https://brescia.elettroservicegroup.it/hotpoint-ariston-jpg/" "Mozilla/5.0 (Linux; Android 6.0.1; Nexus 5X Build/MMB29P) AppleWebKit/537.36 (KHTML, like Gecko) Chrome/148.0.7778.96 Mobile Safari/537.36 (compatible; Googlebot/2.1; +http://www.google.com/bot.html)"
66.249.70.1 - - [18/Jun/2026:02:20:09 +0200] "GET /wp-content/plugins/elementor/assets/js/section-frontend-handlers.d85ab872da118940910d.bundle.min.js HTTP/1.1" 200 230 "https://brescia.elettroservicegroup.it/hotpoint-ariston-jpg/" "Mozilla/5.0 (Linux; Android 6.0.1; Nexus 5X Build/MMB29P) AppleWebKit/537.36 (KHTML, like Gecko) Chrome/148.0.7778.96 Mobile Safari/537.36 (compatible; Googlebot/2.1; +http://www.google.com/bot.html)"
66.249.70.8 - - [18/Jun/2026:02:20:10 +0200] "GET /wp-content/plugins/elementor/assets/lib/share-link/share-link.min.js?ver=4.1.3 HTTP/1.1" 200 1077 "https://brescia.elettroservicegroup.it/hotpoint-ariston-jpg/" "Mozilla/5.0 (Linux; Android 6.0.1; Nexus 5X Build/MMB29P) AppleWebKit/537.36 (KHTML, like Gecko) Chrome/148.0.7778.96 Mobile Safari/537.36 (compatible; Googlebot/2.1; +http://www.google.com/bot.html)"
66.249.70.8 - - [18/Jun/2026:02:20:10 +0200] "GET /wp-content/plugins/elementor/assets/js/text-editor.45609661e409413f1cef.bundle.min.js HTTP/1.1" 200 592 "https://brescia.elettroservicegroup.it/hotpoint-ariston-jpg/" "Mozilla/5.0 (Linux; Android 6.0.1; Nexus 5X Build/MMB29P) AppleWebKit/537.36 (KHTML, like Gecko) Chrome/148.0.7778.96 Mobile Safari/537.36 (compatible; Googlebot/2.1; +http://www.google.com/bot.html)"
66.249.70.8 - - [18/Jun/2026:02:20:11 +0200] "GET /wp-content/plugins/elementor/assets/js/shared-frontend-handlers.03caa53373b56d3bab67.bundle.min.js HTTP/1.1" 200 2515 "https://brescia.elettroservicegroup.it/hotpoint-ariston-jpg/" "Mozilla/5.0 (Linux; Android 6.0.1; Nexus 5X Build/MMB29P) AppleWebKit/537.36 (KHTML, like Gecko) Chrome/148.0.7778.96 Mobile Safari/537.36 (compatible; Googlebot/2.1; +http://www.google.com/bot.html)"
66.249.70.8 - - [18/Jun/2026:02:20:11 +0200] "GET /wp-content/plugins/elementor/assets/lib/dialog/dialog.min.js?ver=4.9.3 HTTP/1.1" 200 3595 "https://brescia.elettroservicegroup.it/hotpoint-ariston-jpg/" "Mozilla/5.0 (Linux; Android 6.0.1; Nexus 5X Build/MMB29P) AppleWebKit/537.36 (KHTML, like Gecko) Chrome/148.0.7778.96 Mobile Safari/537.36 (compatible; Googlebot/2.1; +http://www.google.com/bot.html)"
66.249.70.8 - - [18/Jun/2026:02:20:12 +0200] "GET /wp-content/plugins/elementor/assets/js/397f2d183c19202777d6.bundle.min.js HTTP/1.1" 200 8477 "https://brescia.elettroservicegroup.it/hotpoint-ariston-jpg/" "Mozilla/5.0 (Linux; Android 6.0.1; Nexus 5X Build/MMB29P) AppleWebKit/537.36 (KHTML, like Gecko) Chrome/148.0.7778.96 Mobile Safari/537.36 (compatible; Googlebot/2.1; +http://www.google.com/bot.html)"
65.108.235.243 - - [18/Jun/2026:02:20:53 +0200] "POST /wp-cron.php?doing_wp_cron=1781742053.0770349502563476562500 HTTP/1.1" 200 1 "-" "WordPress/7.0; https://brescia.elettroservicegroup.it"
66.249.70.8 - - [18/Jun/2026:02:20:50 +0200] "GET /?p=16246 HTTP/1.1" 404 17861 "-" "Mozilla/5.0 (Linux; Android 6.0.1; Nexus 5X Build/MMB29P) AppleWebKit/537.36 (KHTML, like Gecko) Chrome/148.0.7778.96 Mobile Safari/537.36 (compatible; Googlebot/2.1; +http://www.google.com/bot.html)"
65.108.235.243 - - [18/Jun/2026:02:22:40 +0200] "POST /wp-cron.php?doing_wp_cron=1781742160.4824368953704833984375 HTTP/1.1" 200 1 "-" "WordPress/7.0; https://brescia.elettroservicegroup.it"
66.249.70.8 - - [18/Jun/2026:02:22:35 +0200] "GET /?p=16812 HTTP/1.1" 404 17861 "-" "Mozilla/5.0 (Linux; Android 6.0.1; Nexus 5X Build/MMB29P) AppleWebKit/537.36 (KHTML, like Gecko) Chrome/148.0.7778.96 Mobile Safari/537.36 (compatible; Googlebot/2.1; +http://www.google.com/bot.html)"
65.108.235.243 - - [18/Jun/2026:02:24:27 +0200] "POST /wp-cron.php?doing_wp_cron=1781742267.5859220027923583984375 HTTP/1.1" 200 1 "-" "WordPress/7.0; https://brescia.elettroservicegroup.it"
66.249.70.1 - - [18/Jun/2026:02:24:23 +0200] "GET /?p=16363 HTTP/1.1" 404 17861 "-" "Mozilla/5.0 (Linux; Android 6.0.1; Nexus 5X Build/MMB29P) AppleWebKit/537.36 (KHTML, like Gecko) Chrome/148.0.7778.96 Mobile Safari/537.36 (compatible; Googlebot/2.1; +http://www.google.com/bot.html)"
65.108.235.243 - - [18/Jun/2026:02:25:46 +0200] "POST /wp-cron.php?doing_wp_cron=1781742346.8919730186462402343750 HTTP/1.1" 200 1 "-" "WordPress/7.0; https://brescia.elettroservicegroup.it"
66.249.70.1 - - [18/Jun/2026:02:25:44 +0200] "GET /?p=16148 HTTP/1.1" 404 17861 "-" "Mozilla/5.0 (Linux; Android 6.0.1; Nexus 5X Build/MMB29P) AppleWebKit/537.36 (KHTML, like Gecko) Chrome/148.0.7778.96 Mobile Safari/537.36 (compatible; Googlebot/2.1; +http://www.google.com/bot.html)"
66.249.70.2 - - [18/Jun/2026:02:26:42 +0200] "GET /?p=16784 HTTP/1.1" 404 17861 "-" "Mozilla/5.0 (Linux; Android 6.0.1; Nexus 5X Build/MMB29P) AppleWebKit/537.36 (KHTML, like Gecko) Chrome/148.0.7778.96 Mobile Safari/537.36 (compatible; Googlebot/2.1; +http://www.google.com/bot.html)"
65.108.235.243 - - [18/Jun/2026:02:26:44 +0200] "POST /wp-cron.php?doing_wp_cron=1781742404.7733190059661865234375 HTTP/1.1" 200 1 "-" "WordPress/7.0; https://brescia.elettroservicegroup.it"
66.249.70.2 - - [18/Jun/2026:02:26:36 +0200] "GET /?p=16247 HTTP/1.1" 404 17861 "-" "Mozilla/5.0 (Linux; Android 6.0.1; Nexus 5X Build/MMB29P) AppleWebKit/537.36 (KHTML, like Gecko) Chrome/148.0.7778.96 Mobile Safari/537.36 (compatible; Googlebot/2.1; +http://www.google.com/bot.html)"
65.108.235.243 - - [18/Jun/2026:02:28:00 +0200] "POST /wp-cron.php?doing_wp_cron=1781742480.6994330883026123046875 HTTP/1.1" 200 1 "-" "WordPress/7.0; https://brescia.elettroservicegroup.it"
66.249.70.2 - - [18/Jun/2026:02:27:58 +0200] "GET /?p=15876 HTTP/1.1" 404 17861 "-" "Mozilla/5.0 (Linux; Android 6.0.1; Nexus 5X Build/MMB29P) AppleWebKit/537.36 (KHTML, like Gecko) Chrome/148.0.7778.96 Mobile Safari/537.36 (compatible; Googlebot/2.1; +http://www.google.com/bot.html)"
65.108.235.243 - - [18/Jun/2026:02:28:29 +0200] "POST /wp-cron.php?doing_wp_cron=1781742509.9195010662078857421875 HTTP/1.1" 200 1 "-" "WordPress/7.0; https://brescia.elettroservicegroup.it"
66.249.70.8 - - [18/Jun/2026:02:28:29 +0200] "GET /?p=16766 HTTP/1.1" 404 17861 "-" "Mozilla/5.0 (Linux; Android 6.0.1; Nexus 5X Build/MMB29P) AppleWebKit/537.36 (KHTML, like Gecko) Chrome/148.0.7778.96 Mobile Safari/537.36 (compatible; Googlebot/2.1; +http://www.google.com/bot.html)"
66.249.70.1 - - [18/Jun/2026:02:29:13 +0200] "GET /?p=15766 HTTP/1.1" 404 17861 "-" "Mozilla/5.0 (Linux; Android 6.0.1; Nexus 5X Build/MMB29P) AppleWebKit/537.36 (KHTML, like Gecko) Chrome/148.0.7778.96 Mobile Safari/537.36 (compatible; Googlebot/2.1; +http://www.google.com/bot.html)"
65.108.235.243 - - [18/Jun/2026:02:31:00 +0200] "POST /wp-cron.php?doing_wp_cron=1781742660.6453619003295898437500 HTTP/1.1" 200 1 "-" "WordPress/7.0; https://brescia.elettroservicegroup.it"
66.249.70.1 - - [18/Jun/2026:02:30:58 +0200] "GET /?p=16476 HTTP/1.1" 404 17861 "-" "Mozilla/5.0 (Linux; Android 6.0.1; Nexus 5X Build/MMB29P) AppleWebKit/537.36 (KHTML, like Gecko) Chrome/148.0.7778.96 Mobile Safari/537.36 (compatible; Googlebot/2.1; +http://www.google.com/bot.html)"
65.108.235.243 - - [18/Jun/2026:02:32:52 +0200] "POST /wp-cron.php?doing_wp_cron=1781742772.5204749107360839843750 HTTP/1.1" 200 1 "-" "WordPress/7.0; https://brescia.elettroservicegroup.it"
66.249.70.1 - - [18/Jun/2026:02:32:50 +0200] "GET /forno-elettrico/ HTTP/1.1" 200 18729 "-" "Mozilla/5.0 (Linux; Android 6.0.1; Nexus 5X Build/MMB29P) AppleWebKit/537.36 (KHTML, like Gecko) Chrome/148.0.7778.96 Mobile Safari/537.36 (compatible; Googlebot/2.1; +http://www.google.com/bot.html)"
65.108.235.243 - - [18/Jun/2026:02:34:17 +0200] "POST /wp-cron.php?doing_wp_cron=1781742857.4834120273590087890625 HTTP/1.1" 200 1 "-" "WordPress/7.0; https://brescia.elettroservicegroup.it"
66.249.70.8 - - [18/Jun/2026:02:34:15 +0200] "GET /?p=16134 HTTP/1.1" 404 17861 "-" "Mozilla/5.0 (Linux; Android 6.0.1; Nexus 5X Build/MMB29P) AppleWebKit/537.36 (KHTML, like Gecko) Chrome/148.0.7778.96 Mobile Safari/537.36 (compatible; Googlebot/2.1; +http://www.google.com/bot.html)"
66.249.70.8 - - [18/Jun/2026:02:34:29 +0200] "GET /wp-content/plugins/header-footer-elementor/inc/widgets-css/frontend.css?ver=2.8.8 HTTP/1.1" 200 8711 "https://brescia.elettroservicegroup.it/forno-elettrico/" "Mozilla/5.0 (Linux; Android 6.0.1; Nexus 5X Build/MMB29P) AppleWebKit/537.36 (KHTML, like Gecko) Chrome/148.0.7778.96 Mobile Safari/537.36 (compatible; Googlebot/2.1; +http://www.google.com/bot.html)"
65.108.235.243 - - [18/Jun/2026:02:42:23 +0200] "POST /wp-cron.php?doing_wp_cron=1781743343.8844211101531982421875 HTTP/1.1" 200 1 "-" "WordPress/7.0; https://brescia.elettroservicegroup.it"
66.249.70.1 - - [18/Jun/2026:02:42:21 +0200] "GET /?p=16407 HTTP/1.1" 404 17861 "-" "Mozilla/5.0 (Linux; Android 6.0.1; Nexus 5X Build/MMB29P) AppleWebKit/537.36 (KHTML, like Gecko) Chrome/148.0.7778.96 Mobile Safari/537.36 (compatible; Googlebot/2.1; +http://www.google.com/bot.html)"
65.108.235.243 - - [18/Jun/2026:02:43:22 +0200] "POST /wp-cron.php?doing_wp_cron=1781743402.7953751087188720703125 HTTP/1.1" 200 1 "-" "WordPress/7.0; https://brescia.elettroservicegroup.it"
66.249.70.2 - - [18/Jun/2026:02:43:20 +0200] "GET /?p=16230 HTTP/1.1" 404 17861 "-" "Mozilla/5.0 (Linux; Android 6.0.1; Nexus 5X Build/MMB29P) AppleWebKit/537.36 (KHTML, like Gecko) Chrome/148.0.7778.96 Mobile Safari/537.36 (compatible; Googlebot/2.1; +http://www.google.com/bot.html)"
65.108.235.243 - - [18/Jun/2026:02:43:29 +0200] "POST /wp-cron.php?doing_wp_cron=1781743409.7639091014862060546875 HTTP/1.1" 200 1 "-" "WordPress/7.0; https://brescia.elettroservicegroup.it"
66.249.70.8 - - [18/Jun/2026:02:43:27 +0200] "GET /copertina-riparazione_lavastoviglie/ HTTP/1.1" 200 18767 "-" "Mozilla/5.0 (Linux; Android 6.0.1; Nexus 5X Build/MMB29P) AppleWebKit/537.36 (KHTML, like Gecko) Chrome/148.0.7778.96 Mobile Safari/537.36 (compatible; Googlebot/2.1; +http://www.google.com/bot.html)"
66.249.70.1 - - [18/Jun/2026:02:45:00 +0200] "GET /wp-content/plugins/header-footer-elementor/assets/css/header-footer-elementor.css?ver=2.8.8 HTTP/1.1" 200 260 "https://brescia.elettroservicegroup.it/copertina-riparazione_lavastoviglie/" "Mozilla/5.0 (Linux; Android 6.0.1; Nexus 5X Build/MMB29P) AppleWebKit/537.36 (KHTML, like Gecko) Chrome/148.0.7778.96 Mobile Safari/537.36 (compatible; Googlebot/2.1; +http://www.google.com/bot.html)"
66.249.70.2 - - [18/Jun/2026:02:45:00 +0200] "GET /wp-content/plugins/elementor/assets/lib/font-awesome/css/v4-shims.min.css?ver=4.1.3 HTTP/1.1" 200 3986 "https://brescia.elettroservicegroup.it/copertina-riparazione_lavastoviglie/" "Mozilla/5.0 (Linux; Android 6.0.1; Nexus 5X Build/MMB29P) AppleWebKit/537.36 (KHTML, like Gecko) Chrome/148.0.7778.96 Mobile Safari/537.36 (compatible; Googlebot/2.1; +http://www.google.com/bot.html)"
66.249.70.1 - - [18/Jun/2026:02:45:00 +0200] "GET /wp-content/uploads/elementor/google-fonts/css/robotoslab.css?ver=1742275294 HTTP/1.1" 200 717 "https://brescia.elettroservicegroup.it/copertina-riparazione_lavastoviglie/" "Mozilla/5.0 (Linux; Android 6.0.1; Nexus 5X Build/MMB29P) AppleWebKit/537.36 (KHTML, like Gecko) Chrome/148.0.7778.96 Mobile Safari/537.36 (compatible; Googlebot/2.1; +http://www.google.com/bot.html)"
66.249.70.1 - - [18/Jun/2026:02:45:00 +0200] "GET /wp-content/plugins/elementor/assets/css/widget-social-icons.min.css?ver=3.24.0 HTTP/1.1" 200 1039 "https://brescia.elettroservicegroup.it/copertina-riparazione_lavastoviglie/" "Mozilla/5.0 (Linux; Android 6.0.1; Nexus 5X Build/MMB29P) AppleWebKit/537.36 (KHTML, like Gecko) Chrome/148.0.7778.96 Mobile Safari/537.36 (compatible; Googlebot/2.1; +http://www.google.com/bot.html)"
66.249.70.8 - - [18/Jun/2026:02:45:00 +0200] "GET /wp-content/plugins/gp-premium/menu-plus/functions/css/navigation-branding-flex.min.css?ver=2.5.5 HTTP/1.1" 200 542 "https://brescia.elettroservicegroup.it/copertina-riparazione_lavastoviglie/" "Mozilla/5.0 (Linux; Android 6.0.1; Nexus 5X Build/MMB29P) AppleWebKit/537.36 (KHTML, like Gecko) Chrome/148.0.7778.96 Mobile Safari/537.36 (compatible; Googlebot/2.1; +http://www.google.com/bot.html)"
66.249.70.8 - - [18/Jun/2026:02:45:00 +0200] "GET /wp-content/plugins/all-in-one-seo-pack/dist/Lite/assets/css/table-of-contents/global.e90f6d47.css?ver=4.9.8 HTTP/1.1" 200 420 "https://brescia.elettroservicegroup.it/copertina-riparazione_lavastoviglie/" "Mozilla/5.0 (Linux; Android 6.0.1; Nexus 5X Build/MMB29P) AppleWebKit/537.36 (KHTML, like Gecko) Chrome/148.0.7778.96 Mobile Safari/537.36 (compatible; Googlebot/2.1; +http://www.google.com/bot.html)"
66.249.70.2 - - [18/Jun/2026:02:45:00 +0200] "GET /wp-includes/js/jquery/jquery.min.js?ver=3.7.1 HTTP/1.1" 200 29769 "https://brescia.elettroservicegroup.it/copertina-riparazione_lavastoviglie/" "Mozilla/5.0 (Linux; Android 6.0.1; Nexus 5X Build/MMB29P) AppleWebKit/537.36 (KHTML, like Gecko) Chrome/148.0.7778.96 Mobile Safari/537.36 (compatible; Googlebot/2.1; +http://www.google.com/bot.html)"
66.249.70.8 - - [18/Jun/2026:02:45:00 +0200] "GET /wp-content/plugins/elementor/assets/js/webpack.runtime.min.js?ver=4.1.3 HTTP/1.1" 200 2340 "https://brescia.elettroservicegroup.it/copertina-riparazione_lavastoviglie/" "Mozilla/5.0 (Linux; Android 6.0.1; Nexus 5X Build/MMB29P) AppleWebKit/537.36 (KHTML, like Gecko) Chrome/148.0.7778.96 Mobile Safari/537.36 (compatible; Googlebot/2.1; +http://www.google.com/bot.html)"
66.249.70.8 - - [18/Jun/2026:02:45:01 +0200] "GET /wp-content/plugins/complianz-gdpr-premium/cookiebanner/js/complianz.min.js?ver=1780704000 HTTP/1.1" 200 10762 "https://brescia.elettroservicegroup.it/copertina-riparazione_lavastoviglie/" "Mozilla/5.0 (Linux; Android 6.0.1; Nexus 5X Build/MMB29P) AppleWebKit/537.36 (KHTML, like Gecko) Chrome/148.0.7778.96 Mobile Safari/537.36 (compatible; Googlebot/2.1; +http://www.google.com/bot.html)"
65.108.235.243 - - [18/Jun/2026:02:45:04 +0200] "POST /wp-cron.php?doing_wp_cron=1781743504.4772040843963623046875 HTTP/1.1" 200 1 "-" "WordPress/7.0; https://brescia.elettroservicegroup.it"
66.249.70.2 - - [18/Jun/2026:02:45:01 +0200] "GET /wp-json/complianz/v1/banner?lang=it&locale=it_IT&token=elxap HTTP/1.1" 200 81 "https://brescia.elettroservicegroup.it/copertina-riparazione_lavastoviglie/" "Mozilla/5.0 (Linux; Android 6.0.1; Nexus 5X Build/MMB29P) AppleWebKit/537.36 (KHTML, like Gecko) Chrome/148.0.7778.96 Mobile Safari/537.36 (compatible; Googlebot/2.1; +http://www.google.com/bot.html)"
66.249.70.1 - - [18/Jun/2026:02:45:04 +0200] "GET /wp-content/uploads/complianz/css/banner-1-optin.css?v=22 HTTP/1.1" 200 2848 "https://brescia.elettroservicegroup.it/copertina-riparazione_lavastoviglie/" "Mozilla/5.0 (Linux; Android 6.0.1; Nexus 5X Build/MMB29P) AppleWebKit/537.36 (KHTML, like Gecko) Chrome/148.0.7778.96 Mobile Safari/537.36 (compatible; Googlebot/2.1; +http://www.google.com/bot.html)"
66.249.70.1 - - [18/Jun/2026:02:45:05 +0200] "GET /wp-content/plugins/elementor/assets/lib/swiper/v8/css/swiper.min.css?ver=8.4.5 HTTP/1.1" 200 4251 "https://brescia.elettroservicegroup.it/copertina-riparazione_lavastoviglie/" "Mozilla/5.0 (Linux; Android 6.0.1; Nexus 5X Build/MMB29P) AppleWebKit/537.36 (KHTML, like Gecko) Chrome/148.0.7778.96 Mobile Safari/537.36 (compatible; Googlebot/2.1; +http://www.google.com/bot.html)"
66.249.70.8 - - [18/Jun/2026:02:45:05 +0200] "GET /wp-content/plugins/elementor/assets/js/lightbox.570c05c5a283cfb6b223.bundle.min.js HTTP/1.1" 200 9102 "https://brescia.elettroservicegroup.it/copertina-riparazione_lavastoviglie/" "Mozilla/5.0 (Linux; Android 6.0.1; Nexus 5X Build/MMB29P) AppleWebKit/537.36 (KHTML, like Gecko) Chrome/148.0.7778.96 Mobile Safari/537.36 (compatible; Googlebot/2.1; +http://www.google.com/bot.html)"
66.249.70.1 - - [18/Jun/2026:02:45:05 +0200] "GET /wp-content/plugins/elementor/assets/css/conditionals/dialog.min.css?ver=4.1.3 HTTP/1.1" 200 1428 "https://brescia.elettroservicegroup.it/copertina-riparazione_lavastoviglie/" "Mozilla/5.0 (Linux; Android 6.0.1; Nexus 5X Build/MMB29P) AppleWebKit/537.36 (KHTML, like Gecko) Chrome/148.0.7778.96 Mobile Safari/537.36 (compatible; Googlebot/2.1; +http://www.google.com/bot.html)"
66.249.70.8 - - [18/Jun/2026:02:45:05 +0200] "GET /wp-content/plugins/elementor/assets/css/conditionals/lightbox.min.css?ver=4.1.3 HTTP/1.1" 200 1760 "https://brescia.elettroservicegroup.it/copertina-riparazione_lavastoviglie/" "Mozilla/5.0 (Linux; Android 6.0.1; Nexus 5X Build/MMB29P) AppleWebKit/537.36 (KHTML, like Gecko) Chrome/148.0.7778.96 Mobile Safari/537.36 (compatible; Googlebot/2.1; +http://www.google.com/bot.html)"
65.108.235.243 - - [18/Jun/2026:02:46:49 +0200] "POST /wp-cron.php?doing_wp_cron=1781743609.3463931083679199218750 HTTP/1.1" 200 1 "-" "WordPress/7.0; https://brescia.elettroservicegroup.it"
66.249.70.1 - - [18/Jun/2026:02:46:47 +0200] "GET /?p=15713 HTTP/1.1" 404 17861 "-" "Mozilla/5.0 (Linux; Android 6.0.1; Nexus 5X Build/MMB29P) AppleWebKit/537.36 (KHTML, like Gecko) Chrome/148.0.7778.96 Mobile Safari/537.36 (compatible; Googlebot/2.1; +http://www.google.com/bot.html)"
65.108.235.243 - - [18/Jun/2026:02:49:20 +0200] "POST /wp-cron.php?doing_wp_cron=1781743760.0821430683135986328125 HTTP/1.1" 200 1 "-" "WordPress/7.0; https://brescia.elettroservicegroup.it"
